x(u) = -3*u**2 + 27*u + 429. Determine x(-8).
21
Let r(y) = -10*y**2 - 4*y + 19. Give r(7).
-499
Let t(z) = -37*z + 127. Determine t(6).
-95
Let p(y) = -2*y**2 - 1472*y - 11631. Determine p(-8).
17
Let r(w) = -3*w**2 - 86*w + 30. Determine r(-29).
1
Let d(p) = -10*p**2 + 241*p - 21. What is d(24)?
3
Let d(j) = 21*j**3 - 126*j**2 + 2*j + 4. Give d(6).
16
Let f(l) = l**3 + 64*l**2 + 188*l + 299. Determine f(-61).
-6
Let k(m) = 3*m**2 + 240*m - 1824. Calculate k(-87).
3
Let w(z) = -z**3 + 45*z**2 + 60*z - 556. Determine w(46).
88
Let o(k) = 33*k + 819. What is o(-25)?
-6
Let j(b) = b**3 + b**2 + 36*b + 14. Calculate j(-3).
-112
Let f(j) = -j**3 - 19*j**2 - 7*j + 456. Give f(-17).
-3
Let j(a) = -2*a**2 + 181*a + 1477. What is j(98)?
7
Let x(g) = 23*g**3 - 113*g**2 - 12*g + 3. Give x(5).
-7
Let x(s) = -5*s**2 - 5*s + 4. Calculate x(5).
-146
Let o(x) = 41*x + 2. What is o(-3)?
-121
Let l(k) = 2*k**3 + 18*k**2 - 47*k - 236. Determine l(-4).
112
Let k(w) = -3*w**3 - 20*w**2 + 16*w - 34. Determine k(-8).
94
Let z(o) = 10*o**2 + 5*o - 4. Calculate z(1).
11
Let r(d) = -490*d + 942. Determine r(2).
-38
Let i(o) = -2*o**3 - 46*o**2 - 7*o - 143. What is i(-23)?
18
Let d(t) = -t**3 + 11*t**2 + 47*t - 19. What is d(14)?
51
Let c(w) = -4*w**3 + 8*w**2 - 10*w + 9. What is c(3)?
-57
Let i(p) = -p**2 - 20*p - 42. What is i(-18)?
-6
Let s(m) = -m**3 + 11*m**2 + 8*m - 51. Calculate s(12).
-99
Let g(k) = -k**3 - 8*k**2 + 14*k + 18. What is g(-11)?
227
Let z(s) = s**3 + 7*s**2 + 6*s + 152. What is z(-8)?
40
Let x(c) = -34*c + 8. Calculate x(2).
-60
Let j(i) = -26*i + 351. Calculate j(13).
13
Let w(r) = -361*r + 651. Calculate w(2).
-71
Let l(b) = b**3 + 19*b**2 + 54*b - 33. What is l(-16)?
-129
Let n(p) = -72*p - 260. What is n(4)?
-548
Let l(g) = g**3 + 3*g**2 - 19*g - 32. Calculate l(-3).
25
Let t(r) = -r**3 + 3*r**2 + 41*r + 12. Give t(-5).
7
Let v(t) = -4*t**2 + 47*t - 53. Calculate v(12).
-65
Let a(t) = 2*t**3 - 23*t**2 - 70*t - 28. Determine a(14).
-28
Let b(h) = -141*h - 2117. What is b(-12)?
-425
Let b(j) = -j**3 - j**2 + 412*j + 5. Determine b(0).
5
Let x(k) = 16*k**2 + 2*k - 4. What is x(1)?
14
Let d(s) = -6*s**3 - 221*s**2 + 36*s - 55. Give d(-37).
-18
Let l(g) = 5*g**3 + 596*g**2 - 1089*g. Calculate l(-121).
0
Let h(d) = -d**2 + 132*d - 4260. Calculate h(57).
15
Let d(t) = 96*t - 2200. What is d(20)?
-280
Let m(l) = -787*l + 2332. Calculate m(3).
-29
Let i(t) = -3*t**3 - 13*t**2 + 19*t + 47. Calculate i(-5).
2
Let n(d) = -3*d + 72. What is n(19)?
15
Let d(i) = -31*i + 1838. What is d(60)?
-22
Let c(f) = -2*f**3 + 18*f**2 - 14*f + 52. Determine c(7).
150
Let v(q) = -q**3 + 18*q**2 - 36*q - 140. Determine v(15).
-5
Let m(s) = -626*s + 248519. Give m(397).
-3
Let r(s) = 35*s**2 - 605*s - 14. Determine r(17).
-184
Let h(s) = -40*s**2 + 5*s. Determine h(2).
-150
Let l(c) = 38*c**2 - 850*c - 854. Calculate l(-1).
34
Let k(l) = -4*l**2 - 226*l - 68. Give k(-56).
44
Let k(c) = -2*c**3 + 10*c**2 + 15*c + 18. What is k(8)?
-246
Let i(r) = 76*r + 16. Determine i(-4).
-288
Let m(b) = 2*b**3 + 69*b**2 + 31*b - 118. Calculate m(-34).
-16
Let q(y) = -24*y - 60. What is q(-6)?
84
Let p(l) = -75*l - 54. Give p(-4).
246
Let x(r) = r**3 + 40*r**2 - 176*r + 7. Determine x(-44).
7
Let k(l) = -l**3 - 10*l**2 - 7*l + 9. Determine k(-6).
-93
Let p(s) = s**3 + 64*s**2 - 63*s + 144. Give p(-65).
14
Let h(v) = -435*v**2 + 7394*v + 16. Calculate h(17).
-1
Let f(j) = -29*j - 1963. What is f(-68)?
9
Let p(i) = 1283*i - 6329. What is p(5)?
86
Let v(h) = h**3 - 6*h**2 - 106*h - 388. Give v(-4).
-124
Let a(b) = 2*b**2 - 48*b - 158. Give a(27).
4
Let n(f) = -390*f - 12863. Give n(-33).
7
Let x(a) = -a**3 - 47*a**2 + 374*a + 35. Give x(7).
7
Let k(w) = 43*w - 54. Calculate k(0).
-54
Let i(w) = -w**2 + 67*w - 1092. Give i(29).
10
Let w(k) = 1147*k + 14912. Calculate w(-13).
1
Let q(k) = -k**3 - 21*k**2 + 45*k - 36. Give q(-23).
-13
Let g(m) = -m**3 + 3*m**2 - m + 119. Calculate g(10).
-591
Let o(f) = f**2 + f - 343. Determine o(18).
-1
Let i(n) = 2*n**3 - 6*n**2 + 14*n - 12. What is i(4)?
76
Let n(h) = -48*h + 600. What is n(12)?
24
Let v(z) = -z**2 + 36*z - 45. Calculate v(25).
230
Let t(z) = 368*z - 6673. Calculate t(18).
-49
Let h(p) = p**3 + 11*p**2 + 12*p + 44. Give h(-9).
98
Let m(z) = 36*z + 12. Calculate m(-1).
-24
Let f(k) = -268*k - 1074. What is f(-4)?
-2
Let q(f) = -73*f - 249. Determine q(-7).
262
Let l(x) = -3*x**3 - 8*x**2 + 34*x + 33. Determine l(4).
-151
Let j(a) = -81*a - 3789. Calculate j(-47).
18
Let l(w) = -w**3 - 5*w - 12. Give l(-3).
30
Let m(r) = -64*r + 6720. Give m(105).
0
Let z(t) = t**2 - 1565*t + 12451. Calculate z(8).
-5
Let h(k) = 207*k - 651. Determine h(3).
-30
Let k(x) = 26*x - 41. Calculate k(8).
167
Let t(u) = 3*u**3 + 31*u**2 + 27*u - 72. Calculate t(-9).
9
Let j(b) = 125*b - 623. Give j(5).
2
Let w(d) = d**3 + 43*d**2 + 76*d - 54. Give w(-41).
192
Let a(k) = -86*k**2 + 118*k + 242. Calculate a(-2).
-338
Let n(b) = -6*b + 9. Give n(-11).
75
Let b(a) = 2*a**2 + 346*a + 681. Calculate b(-2).
-3
Let v(j) = -j**2 + 35*j - 36. Calculate v(30).
114
Let v(i) = 94*i + 501. What is v(-5)?
31
Let a(z) = z**3 + 28*z**2 + 148*z + 27. What is a(-22)?
-325
Let n(a) = -a**2 - 3*a - 14. What is n(-5)?
-24
Let f(m) = -116*m**3 - m**2 - 3*m + 4. What is f(1)?
-116
Let o(z) = 25*z**2 + 95*z - 4. Calculate o(-4).
16
Let o(j) = 82*j - 416. Give o(5).
-6
Let k(a) = 2*a**3 - 58*a**2 - 54*a - 268. What is k(30)?
-88
Let q(v) = -v**3 + 6*v**2 - 7*v + 1. Give q(7).
-97
Let c(j) = 47*j + 204. Determine c(-5).
-31
Let x(k) = 5*k**2 + 44*k + 16. Give x(-4).
-80
Let n(p) = -3*p**3 - 6*p**2 + 22*p + 50. What is n(-2)?
6
Let y(n) = -92*n + 43. Give y(3).
-233
Let c(o) = o**3 + 48*o**2 + 184*o + 380. What is c(-44)?
28
Let b(f) = f**3 - 5*f**2 - 10*f - 35. What is b(7)?
-7
Let m(t) = 5*t - 18. Calculate m(-1).
-23
Let i(l) = -l**3 - 169*l**2 - 3835*l - 145. Determine i(-142).
-3
Let m(j) = 10*j - 185. What is m(16)?
-25
Let r(c) = c**2 + 54*c - 405. Determine r(-61).
22
Let b(v) = v**3 + 40*v**2 - 53*v - 489. Determine b(-41).
3
Let y(o) = -367*o + 4760. What is y(13)?
-11
Let s(c) = 6*c**3 - 8*c**2 - 5*c - 2. Determine s(-3).
-221
Let p(b) = -47*b + 2955. Determine p(63).
-6
Let c(i) = i**3 - 8*i**2 + 46*i - 308. Calculate c(7).
-35
Let l(g) = -51*g - 19. Determine l(7).
-376
Let b(f) = -f**2 - 46*f - 256. Determine b(-39).
17
Let w(c) = -16*c**2 - 188*c + 383. Calculate w(2).
-57
Let g(m) = m**3 + 2*m**2 + m + 1. Give g(-3).
-11
Let g(q) = 3*q**2 + 51*q - 2. Give g(-18).
52
Let l(g) = -317*g**2 - 949*g - 1. Determine l(-3).
-7
Let w(o) = -18*o - 1282. Calculate w(-71).
-4
Let o(u) = 31*u + 805. Calculate o(-8).
557
Let s(r) = -r**3 + 10*r**2 - 3*r - 41. Calculate s(9).
13
Let r(g) = 287*g + 22675. What is r(-79)?
2
Let w(d) = -124*d - 1243. Give w(-10).
-3
Let y(d) = -d**3 - 62*d**2 + 60*d + 173. Calculate y(-63).
362
Let i(h) = 42*h - 424. Calculate i(14).
164
Let c(j) = 53*j + 8281. Give c(-156).
13
Let p(z) = -z**3 - 221*z**2 - 431*z + 1511. Give p(-219).
-22
Let i(s) = 17*s + 895. Give i(-53).
-6
Let k(r) = -r**3 + 12*r**2 + 72*r + 14. What is k(-4)?
-18
Let d(z) = z**3 - 11*z**2 - 24*z + 50. Calculate d(7).
-314
Let g(k) = -k**3 + 88*k**2 - 46*k + 4090. Determine g(88).
42
Let b(p) = -481*p + 2016. What is b(4)?
92
Let f(q) = -16*q + 532. Determine f(26).
116
Let u(v) = -v**2 + 51*v - 352. Calculate u(42).
26
Let a(c) = c**3 - 23*c**2 - 43*c - 155. Calculate a(25).
20
Let c(p) = 226*p + 1138. Determine c(-5).
8
Let r(m) = 31*m + 1060. What is r(-32)?
68
Let n(a) = -7*a**3 - 12*a**2 - 94*a - 191. Determine n(-2).
5
Let b(n) = -11*n + 850. Calculate b(76).
14
Let n(u) = 2*u**2 + 108*u + 688. Determine n(-47).
30
Let l(g) = g**3 + 28*g**2 - 31*g - 67. Give l(-29).
-9
Let g(l) = 196*l - 183. Calculate g(5).
797
Let j(l) = l**3 - 104*l**2 - 3*l + 331. Determine j(104).
19
Let f(q) = -42*q**2 + 4*q + 13. Calculate f(-3).
-377
Let p(m) = -m**3 - 5*m**2 + 164*m + 1120. Give p(-7).
70
Let s(b) = 2*b**3 - 6*b**2 + 8*b + 7. What is s(3)?
31
Let o(a) = -a**3 + 37*a**2 - 33*a - 157. Calculate o(36).
-49
Let s(w) = 164*w - 1938. What is s(12)?
30
Let b(m) = -m - 23. What is b(-12)?
-11
Let g(s) = 23*s**2 + 5*s + 5. What is g(-1)?
23
Let r(s) = -2*s**3 - 9*s**2 + 15*s + 14. Give r(-5).
-36